{"id":17,"date":"2020-07-20T18:52:40","date_gmt":"2020-07-20T16:52:40","guid":{"rendered":"http:\/\/lestiveduclaux.fr\/?page_id=17"},"modified":"2024-07-27T11:25:34","modified_gmt":"2024-07-27T09:25:34","slug":"contacts","status":"publish","type":"page","link":"https:\/\/lestiveduclaux.fr\/?page_id=17","title":{"rendered":"Pour nous contacter"},"content":{"rendered":"\n<div class=\"wp-block-columns is-layout-flex wp-container-core-columns-is-layout-9d6595d7 wp-block-columns-is-layout-flex\">\n<div class=\"wp-block-column is-layout-flow wp-block-column-is-layout-flow\">\n<figure class=\"wp-block-image size-large\"><img loading=\"lazy\" decoding=\"async\" width=\"732\" height=\"822\" src=\"http:\/\/lestiveduclaux.fr\/wp-content\/uploads\/2020\/07\/carte.png\" alt=\"\" class=\"wp-image-209\" srcset=\"https:\/\/lestiveduclaux.fr\/wp-content\/uploads\/2020\/07\/carte.png 732w, https:\/\/lestiveduclaux.fr\/wp-content\/uploads\/2020\/07\/carte-267x300.png 267w\" sizes=\"auto, (max-width: 732px) 100vw, 732px\" \/><\/figure>\n<\/div>\n\n\n\n<div class=\"wp-block-column is-layout-flow wp-block-column-is-layout-flow\">\n\n<div class=\"wpcf7 no-js\" id=\"wpcf7-f207-o1\" lang=\"fr-FR\" dir=\"ltr\" data-wpcf7-id=\"207\">\n<div class=\"screen-reader-response\"><p role=\"status\" aria-live=\"polite\" aria-atomic=\"true\"><\/p> <ul><\/ul><\/div>\n<form action=\"\/index.php?rest_route=%2Fwp%2Fv2%2Fpages%2F17#wpcf7-f207-o1\" method=\"post\" class=\"wpcf7-form init\" aria-label=\"Formulaire de contact\" novalidate=\"novalidate\" data-status=\"init\">\n<div style=\"display: none;\">\n<input type=\"hidden\" name=\"_wpcf7\" value=\"207\" \/>\n<input type=\"hidden\" name=\"_wpcf7_version\" value=\"6.0.1\" \/>\n<input type=\"hidden\" name=\"_wpcf7_locale\" value=\"fr_FR\" \/>\n<input type=\"hidden\" name=\"_wpcf7_unit_tag\" value=\"wpcf7-f207-o1\" \/>\n<input type=\"hidden\" name=\"_wpcf7_container_post\" value=\"0\" \/>\n<input type=\"hidden\" name=\"_wpcf7_posted_data_hash\" value=\"\" \/>\n<\/div>\n<p><label> Votre nom (obligatoire)<br \/>\n<span class=\"wpcf7-form-control-wrap\" data-name=\"your-name\"><input size=\"40\" maxlength=\"400\" class=\"wpcf7-form-control wpcf7-text wpcf7-validates-as-required\" aria-required=\"true\" aria-invalid=\"false\" value=\"\" type=\"text\" name=\"your-name\" \/><\/span> <\/label>\n<\/p>\n<p><label> Votre adresse de messagerie (obligatoire)<br \/>\n<span class=\"wpcf7-form-control-wrap\" data-name=\"your-email\"><input size=\"40\" maxlength=\"400\" class=\"wpcf7-form-control wpcf7-email wpcf7-validates-as-required wpcf7-text wpcf7-validates-as-email\" aria-required=\"true\" aria-invalid=\"false\" value=\"\" type=\"email\" name=\"your-email\" \/><\/span> <\/label>\n<\/p>\n<p><label> Objet<br \/>\n<span class=\"wpcf7-form-control-wrap\" data-name=\"your-subject\"><input size=\"40\" maxlength=\"400\" class=\"wpcf7-form-control wpcf7-text\" aria-invalid=\"false\" value=\"\" type=\"text\" name=\"your-subject\" \/><\/span> <\/label>\n<\/p>\n<p><label> Votre message<br \/>\n<span class=\"wpcf7-form-control-wrap\" data-name=\"your-message\"><textarea cols=\"40\" rows=\"10\" maxlength=\"2000\" class=\"wpcf7-form-control wpcf7-textarea\" aria-invalid=\"false\" name=\"your-message\"><\/textarea><\/span> <\/label>\n<\/p>\n<p><input class=\"wpcf7-form-control wpcf7-submit has-spinner\" type=\"submit\" value=\"Envoyer\" \/>\n<\/p><div class=\"wpcf7-response-output\" aria-hidden=\"true\"><\/div>\n<\/form>\n<\/div>\n\n<\/div>\n<\/div>\n\n\n\n<p><\/p>\n","protected":false},"excerpt":{"rendered":"","protected":false},"author":1,"featured_media":0,"parent":0,"menu_order":0,"comment_status":"closed","ping_status":"closed","template":"","meta":{"footnotes":""},"class_list":["post-17","page","type-page","status-publish","hentry"],"yoast_head":"<!-- This site is optimized with the Yoast SEO plugin v23.9 - https:\/\/yoast.com\/wordpress\/plugins\/seo\/ -->\n<title>Pour nous contacter - L&#039;Estive du Claux<\/title>\n<meta name=\"description\" content=\"Chambre et table d&#039;h\u00f4te au pied du Puy Mary dans le cantal, pour pratiquer randonn\u00e9es, VTT, parapente. D\u00e9couvrir notre terroire, gatronomie, patrimoine\" \/>\n<meta name=\"robots\" content=\"index, follow, max-snippet:-1, max-image-preview:large, max-video-preview:-1\" \/>\n<link rel=\"canonical\" href=\"https:\/\/lestiveduclaux.fr\/?page_id=17\" \/>\n<meta property=\"og:locale\" content=\"en_US\" \/>\n<meta property=\"og:type\" content=\"article\" \/>\n<meta property=\"og:title\" content=\"Pour nous contacter - L&#039;Estive du Claux\" \/>\n<meta property=\"og:description\" content=\"Chambre et table d&#039;h\u00f4te au pied du Puy Mary dans le cantal, pour pratiquer randonn\u00e9es, VTT, parapente. D\u00e9couvrir notre terroire, gatronomie, patrimoine\" \/>\n<meta property=\"og:url\" content=\"https:\/\/lestiveduclaux.fr\/?page_id=17\" \/>\n<meta property=\"og:site_name\" content=\"L&#039;Estive du Claux\" \/>\n<meta property=\"article:publisher\" content=\"https:\/\/www.facebook.com\/pages\/category\/Bed-and-Breakfast\/LEstive-du-Claux-100901485023600\/\" \/>\n<meta property=\"article:modified_time\" content=\"2024-07-27T09:25:34+00:00\" \/>\n<meta property=\"og:image\" content=\"http:\/\/lestiveduclaux.fr\/wp-content\/uploads\/2020\/07\/carte.png\" \/>\n<meta name=\"twitter:card\" content=\"summary_large_image\" \/>\n<meta name=\"twitter:label1\" content=\"Est. reading time\" \/>\n\t<meta name=\"twitter:data1\" content=\"1 minute\" \/>\n<script type=\"application\/ld+json\" class=\"yoast-schema-graph\">{\"@context\":\"https:\/\/schema.org\",\"@graph\":[{\"@type\":\"WebPage\",\"@id\":\"https:\/\/lestiveduclaux.fr\/?page_id=17\",\"url\":\"https:\/\/lestiveduclaux.fr\/?page_id=17\",\"name\":\"Pour nous contacter - L&#039;Estive du Claux\",\"isPartOf\":{\"@id\":\"https:\/\/lestiveduclaux.fr\/#website\"},\"primaryImageOfPage\":{\"@id\":\"https:\/\/lestiveduclaux.fr\/?page_id=17#primaryimage\"},\"image\":{\"@id\":\"https:\/\/lestiveduclaux.fr\/?page_id=17#primaryimage\"},\"thumbnailUrl\":\"http:\/\/lestiveduclaux.fr\/wp-content\/uploads\/2020\/07\/carte.png\",\"datePublished\":\"2020-07-20T16:52:40+00:00\",\"dateModified\":\"2024-07-27T09:25:34+00:00\",\"description\":\"Chambre et table d'h\u00f4te au pied du Puy Mary dans le cantal, pour pratiquer randonn\u00e9es, VTT, parapente. D\u00e9couvrir notre terroire, gatronomie, patrimoine\",\"breadcrumb\":{\"@id\":\"https:\/\/lestiveduclaux.fr\/?page_id=17#breadcrumb\"},\"inLanguage\":\"en-US\",\"potentialAction\":[{\"@type\":\"ReadAction\",\"target\":[\"https:\/\/lestiveduclaux.fr\/?page_id=17\"]}]},{\"@type\":\"ImageObject\",\"inLanguage\":\"en-US\",\"@id\":\"https:\/\/lestiveduclaux.fr\/?page_id=17#primaryimage\",\"url\":\"http:\/\/lestiveduclaux.fr\/wp-content\/uploads\/2020\/07\/carte.png\",\"contentUrl\":\"http:\/\/lestiveduclaux.fr\/wp-content\/uploads\/2020\/07\/carte.png\"},{\"@type\":\"BreadcrumbList\",\"@id\":\"https:\/\/lestiveduclaux.fr\/?page_id=17#breadcrumb\",\"itemListElement\":[{\"@type\":\"ListItem\",\"position\":1,\"name\":\"Accueil\",\"item\":\"https:\/\/lestiveduclaux.fr\/\"},{\"@type\":\"ListItem\",\"position\":2,\"name\":\"Pour nous contacter\"}]},{\"@type\":\"WebSite\",\"@id\":\"https:\/\/lestiveduclaux.fr\/#website\",\"url\":\"https:\/\/lestiveduclaux.fr\/\",\"name\":\"Estive du Claux\",\"description\":\"\",\"potentialAction\":[{\"@type\":\"SearchAction\",\"target\":{\"@type\":\"EntryPoint\",\"urlTemplate\":\"https:\/\/lestiveduclaux.fr\/?s={search_term_string}\"},\"query-input\":{\"@type\":\"PropertyValueSpecification\",\"valueRequired\":true,\"valueName\":\"search_term_string\"}}],\"inLanguage\":\"en-US\"}]}<\/script>\n<!-- \/ Yoast SEO plugin. -->","yoast_head_json":{"title":"Pour nous contacter - L&#039;Estive du Claux","description":"Chambre et table d'h\u00f4te au pied du Puy Mary dans le cantal, pour pratiquer randonn\u00e9es, VTT, parapente. D\u00e9couvrir notre terroire, gatronomie, patrimoine","robots":{"index":"index","follow":"follow","max-snippet":"max-snippet:-1","max-image-preview":"max-image-preview:large","max-video-preview":"max-video-preview:-1"},"canonical":"https:\/\/lestiveduclaux.fr\/?page_id=17","og_locale":"en_US","og_type":"article","og_title":"Pour nous contacter - L&#039;Estive du Claux","og_description":"Chambre et table d'h\u00f4te au pied du Puy Mary dans le cantal, pour pratiquer randonn\u00e9es, VTT, parapente. D\u00e9couvrir notre terroire, gatronomie, patrimoine","og_url":"https:\/\/lestiveduclaux.fr\/?page_id=17","og_site_name":"L&#039;Estive du Claux","article_publisher":"https:\/\/www.facebook.com\/pages\/category\/Bed-and-Breakfast\/LEstive-du-Claux-100901485023600\/","article_modified_time":"2024-07-27T09:25:34+00:00","og_image":[{"url":"http:\/\/lestiveduclaux.fr\/wp-content\/uploads\/2020\/07\/carte.png"}],"twitter_card":"summary_large_image","twitter_misc":{"Est. reading time":"1 minute"},"schema":{"@context":"https:\/\/schema.org","@graph":[{"@type":"WebPage","@id":"https:\/\/lestiveduclaux.fr\/?page_id=17","url":"https:\/\/lestiveduclaux.fr\/?page_id=17","name":"Pour nous contacter - L&#039;Estive du Claux","isPartOf":{"@id":"https:\/\/lestiveduclaux.fr\/#website"},"primaryImageOfPage":{"@id":"https:\/\/lestiveduclaux.fr\/?page_id=17#primaryimage"},"image":{"@id":"https:\/\/lestiveduclaux.fr\/?page_id=17#primaryimage"},"thumbnailUrl":"http:\/\/lestiveduclaux.fr\/wp-content\/uploads\/2020\/07\/carte.png","datePublished":"2020-07-20T16:52:40+00:00","dateModified":"2024-07-27T09:25:34+00:00","description":"Chambre et table d'h\u00f4te au pied du Puy Mary dans le cantal, pour pratiquer randonn\u00e9es, VTT, parapente. D\u00e9couvrir notre terroire, gatronomie, patrimoine","breadcrumb":{"@id":"https:\/\/lestiveduclaux.fr\/?page_id=17#breadcrumb"},"inLanguage":"en-US","potentialAction":[{"@type":"ReadAction","target":["https:\/\/lestiveduclaux.fr\/?page_id=17"]}]},{"@type":"ImageObject","inLanguage":"en-US","@id":"https:\/\/lestiveduclaux.fr\/?page_id=17#primaryimage","url":"http:\/\/lestiveduclaux.fr\/wp-content\/uploads\/2020\/07\/carte.png","contentUrl":"http:\/\/lestiveduclaux.fr\/wp-content\/uploads\/2020\/07\/carte.png"},{"@type":"BreadcrumbList","@id":"https:\/\/lestiveduclaux.fr\/?page_id=17#breadcrumb","itemListElement":[{"@type":"ListItem","position":1,"name":"Accueil","item":"https:\/\/lestiveduclaux.fr\/"},{"@type":"ListItem","position":2,"name":"Pour nous contacter"}]},{"@type":"WebSite","@id":"https:\/\/lestiveduclaux.fr\/#website","url":"https:\/\/lestiveduclaux.fr\/","name":"Estive du Claux","description":"","potentialAction":[{"@type":"SearchAction","target":{"@type":"EntryPoint","urlTemplate":"https:\/\/lestiveduclaux.fr\/?s={search_term_string}"},"query-input":{"@type":"PropertyValueSpecification","valueRequired":true,"valueName":"search_term_string"}}],"inLanguage":"en-US"}]}},"_links":{"self":[{"href":"https:\/\/lestiveduclaux.fr\/index.php?rest_route=\/wp\/v2\/pages\/17","targetHints":{"allow":["GET"]}}],"collection":[{"href":"https:\/\/lestiveduclaux.fr\/index.php?rest_route=\/wp\/v2\/pages"}],"about":[{"href":"https:\/\/lestiveduclaux.fr\/index.php?rest_route=\/wp\/v2\/types\/page"}],"author":[{"embeddable":true,"href":"https:\/\/lestiveduclaux.fr\/index.php?rest_route=\/wp\/v2\/users\/1"}],"replies":[{"embeddable":true,"href":"https:\/\/lestiveduclaux.fr\/index.php?rest_route=%2Fwp%2Fv2%2Fcomments&post=17"}],"version-history":[{"count":6,"href":"https:\/\/lestiveduclaux.fr\/index.php?rest_route=\/wp\/v2\/pages\/17\/revisions"}],"predecessor-version":[{"id":634,"href":"https:\/\/lestiveduclaux.fr\/index.php?rest_route=\/wp\/v2\/pages\/17\/revisions\/634"}],"wp:attachment":[{"href":"https:\/\/lestiveduclaux.fr\/index.php?rest_route=%2Fwp%2Fv2%2Fmedia&parent=17"}],"curies":[{"name":"wp","href":"https:\/\/api.w.org\/{rel}","templated":true}]}}

<!-- This site is optimized with the Yoast SEO plugin v23.9 - https://yoast.com/wordpress/plugins/seo/ -->
<title>Pour nous contacter - L&#039;Estive du Claux</title>
<meta name="description" content="Chambre et table d&#039;hôte au pied du Puy Mary dans le cantal, pour pratiquer randonnées, VTT, parapente. Découvrir notre terroire, gatronomie, patrimoine" />
<meta name="robots" content="index, follow, max-snippet:-1, max-image-preview:large, max-video-preview:-1" />
<link rel="canonical" href="https://lestiveduclaux.fr/?page_id=17" />
<meta property="og:locale" content="en_US" />
<meta property="og:type" content="article" />
<meta property="og:title" content="Pour nous contacter - L&#039;Estive du Claux" />
<meta property="og:description" content="Chambre et table d&#039;hôte au pied du Puy Mary dans le cantal, pour pratiquer randonnées, VTT, parapente. Découvrir notre terroire, gatronomie, patrimoine" />
<meta property="og:url" content="https://lestiveduclaux.fr/?page_id=17" />
<meta property="og:site_name" content="L&#039;Estive du Claux" />
<meta property="article:publisher" content="https://www.facebook.com/pages/category/Bed-and-Breakfast/LEstive-du-Claux-100901485023600/" />
<meta property="article:modified_time" content="2024-07-27T09:25:34+00:00" />
<meta property="og:image" content="http://lestiveduclaux.fr/wp-content/uploads/2020/07/carte.png" />
<meta name="twitter:card" content="summary_large_image" />
<meta name="twitter:label1" content="Est. reading time" />
	<meta name="twitter:data1" content="1 minute" />
<script type="application/ld+json" class="yoast-schema-graph">{"@context":"https://schema.org","@graph":[{"@type":"WebPage","@id":"https://lestiveduclaux.fr/?page_id=17","url":"https://lestiveduclaux.fr/?page_id=17","name":"Pour nous contacter - L&#039;Estive du Claux","isPartOf":{"@id":"https://lestiveduclaux.fr/#website"},"primaryImageOfPage":{"@id":"https://lestiveduclaux.fr/?page_id=17#primaryimage"},"image":{"@id":"https://lestiveduclaux.fr/?page_id=17#primaryimage"},"thumbnailUrl":"http://lestiveduclaux.fr/wp-content/uploads/2020/07/carte.png","datePublished":"2020-07-20T16:52:40+00:00","dateModified":"2024-07-27T09:25:34+00:00","description":"Chambre et table d'hôte au pied du Puy Mary dans le cantal, pour pratiquer randonnées, VTT, parapente. Découvrir notre terroire, gatronomie, patrimoine","breadcrumb":{"@id":"https://lestiveduclaux.fr/?page_id=17#breadcrumb"},"inLanguage":"en-US","potentialAction":[{"@type":"ReadAction","target":["https://lestiveduclaux.fr/?page_id=17"]}]},{"@type":"ImageObject","inLanguage":"en-US","@id":"https://lestiveduclaux.fr/?page_id=17#primaryimage","url":"http://lestiveduclaux.fr/wp-content/uploads/2020/07/carte.png","contentUrl":"http://lestiveduclaux.fr/wp-content/uploads/2020/07/carte.png"},{"@type":"BreadcrumbList","@id":"https://lestiveduclaux.fr/?page_id=17#breadcrumb","itemListElement":[{"@type":"ListItem","position":1,"name":"Accueil","item":"https://lestiveduclaux.fr/"},{"@type":"ListItem","position":2,"name":"Pour nous contacter"}]},{"@type":"WebSite","@id":"https://lestiveduclaux.fr/#website","url":"https://lestiveduclaux.fr/","name":"Estive du Claux","description":"","potentialAction":[{"@type":"SearchAction","target":{"@type":"EntryPoint","urlTemplate":"https://lestiveduclaux.fr/?s={search_term_string}"},"query-input":{"@type":"PropertyValueSpecification","valueRequired":true,"valueName":"search_term_string"}}],"inLanguage":"en-US"}]}</script>
<!-- / Yoast SEO plugin. -->

Chambre et table d'hôte au pied du Puy Mary dans le cantal, pour pratiquer randonnées, VTT, parapente. Découvrir notre terroire, gatronomie, patrimoine
