{"id":942,"date":"2025-10-02T10:11:16","date_gmt":"2025-10-02T08:11:16","guid":{"rendered":"https:\/\/lestiveduclaux.fr\/?page_id=942"},"modified":"2026-01-08T16:43:55","modified_gmt":"2026-01-08T15:43:55","slug":"reservations","status":"publish","type":"page","link":"https:\/\/lestiveduclaux.fr\/?page_id=942","title":{"rendered":"R\u00e9servations"},"content":{"rendered":"\n<p class=\"has-large-font-size\"><strong>R\u00e9servations des Chambres<\/strong><\/p>\n\n\n\n<div class=\"wp-block-columns is-layout-flex wp-container-core-columns-is-layout-9d6595d7 wp-block-columns-is-layout-flex\">\n<div class=\"wp-block-column is-layout-flow wp-block-column-is-layout-flow\">\n<figure class=\"wp-block-image size-full\"><img loading=\"lazy\" decoding=\"async\" width=\"672\" height=\"448\" src=\"https:\/\/lestiveduclaux.fr\/wp-content\/uploads\/2026\/01\/infos-1.png\" alt=\"\" class=\"wp-image-983\" srcset=\"https:\/\/lestiveduclaux.fr\/wp-content\/uploads\/2026\/01\/infos-1.png 672w, https:\/\/lestiveduclaux.fr\/wp-content\/uploads\/2026\/01\/infos-1-300x200.png 300w\" sizes=\"auto, (max-width: 672px) 100vw, 672px\" \/><\/figure>\n<\/div>\n\n\n\n<div class=\"wp-block-column is-layout-flow wp-block-column-is-layout-flow\">\n<script type=\"text\/javascript\" src=\"\/\/gadget.open-system.fr\/widgets-libs\/rel\/noyau-1.0.min.js\"><\/script>\n<script type=\"text\/javascript\">\n( function() {\n\tvar widgetProduit = AllianceReseaux.Widget.Instance( \"Produit\", { idPanier:\"WENYWFg\", idIntegration:1247, langue:\"fr\", ui:\"OSCH-113247\" } );\n\twidgetProduit.PreApp(\"planning.actif\", true);\n\twidgetProduit.PreApp(\"planning.nbMaxProduits\", 100);\n\twidgetProduit.Initialise();\n})();\n<\/script>\n\n<div id=\"widget-produit-OSCH-113247\"><\/div>\n<\/div>\n<\/div>\n\n\n\n\n\n<hr class=\"wp-block-separator has-alpha-channel-opacity\"\/>\n\n\n\n<div class=\"wp-block-columns is-layout-flex wp-container-core-columns-is-layout-9d6595d7 wp-block-columns-is-layout-flex\">\n<div class=\"wp-block-column is-layout-flow wp-block-column-is-layout-flow\">\n<div class=\"wp-block-columns is-layout-flex wp-container-core-columns-is-layout-9d6595d7 wp-block-columns-is-layout-flex\">\n<div class=\"wp-block-column is-layout-flow wp-block-column-is-layout-flow\">\n<figure class=\"wp-block-image size-full\"><a href=\"https:\/\/www.google.com\/maps\/place\/35+Rte+du+Puy+Mary,+15400+Le+Claux,+France\/@45.161732,2.707134,14z\/data=!4m6!3m5!1s0x47f7eed0865861c7:0xf74e61fd145daead!8m2!3d45.161732!4d2.7071344!16s%2Fg%2F11g9drflt4!5m1!1e1?hl=fr&amp;entry=ttu&amp;g_ep=EgoyMDI2MDEwNC4wIKXMDSoASAFQAw%3D%3D\" target=\"_blank\" rel=\" noreferrer noopener\"><img loading=\"lazy\" decoding=\"async\" width=\"152\" height=\"87\" src=\"https:\/\/lestiveduclaux.fr\/wp-content\/uploads\/2026\/01\/maps.png\" alt=\"\" class=\"wp-image-1005\" srcset=\"https:\/\/lestiveduclaux.fr\/wp-content\/uploads\/2026\/01\/maps.png 152w, https:\/\/lestiveduclaux.fr\/wp-content\/uploads\/2026\/01\/maps-150x87.png 150w\" sizes=\"auto, (max-width: 152px) 100vw, 152px\" \/><\/a><\/figure>\n<\/div>\n\n\n\n<div class=\"wp-block-column is-layout-flow wp-block-column-is-layout-flow\">\n<figure class=\"wp-block-image size-full is-resized\"><a href=\"https:\/\/www.google.com\/search?client=firefox-b-d&amp;hs=3cSU&amp;sca_esv=727911a362dc4a92&amp;sxsrf=ANbL-n5z9rhSYWslsNmCXhBIHOnUJfv2Lg:1767885459289&amp;q=%27estive+du+claux&amp;si=AL3DRZEsmMGCryMMFSHJ3StBhOdZ2-6yYkXd_doETEE1OR-qOfGDeHzxAEw57j0p5_ALME9s1I1kjRIQ4ynCgbNljh3uToIVOHckxRLgcTARcD4MUZchj4g%3D&amp;uds=ALYpb_k6otuSYDT1zFYqBpNGDSzK6AnIu0Z006L3ltCfJBWhld8TYF9ve_xsQjDCA79i2mSaKCnpChW_kOhF9BFu0E2ZCc4hQ33Vm_ZuGzkhORWh5Kpco8A&amp;sa=X&amp;ved=2ahUKEwibyrfGnvyRAxXVVqQEHVWrNXoQ3PALegQIIxAE&amp;biw=1366&amp;bih=607&amp;dpr=1&amp;aic=0\" target=\"_blank\" rel=\" noreferrer noopener\"><img loading=\"lazy\" decoding=\"async\" width=\"212\" height=\"104\" src=\"https:\/\/lestiveduclaux.fr\/wp-content\/uploads\/2026\/01\/avis-2.png\" alt=\"\" class=\"wp-image-992\" style=\"aspect-ratio:2.0386027174178536;width:203px;height:auto\"\/><\/a><\/figure>\n<\/div>\n\n\n\n<div class=\"wp-block-column is-layout-flow wp-block-column-is-layout-flow\">\n<figure class=\"wp-block-image size-full\"><a href=\"https:\/\/www.booking.com\/hotel\/fr\/estive-du-claux-le-claux.html?aid=1636199\" target=\"_blank\" rel=\" noreferrer noopener\"><img loading=\"lazy\" decoding=\"async\" width=\"250\" height=\"102\" src=\"https:\/\/lestiveduclaux.fr\/wp-content\/uploads\/2026\/01\/booking-1.png\" alt=\"\" class=\"wp-image-1006\"\/><\/a><\/figure>\n<\/div>\n<\/div>\n<\/div>\n<\/div>\n\n\n\n<hr class=\"wp-block-separator has-alpha-channel-opacity\"\/>\n\n\n\n<p class=\"has-large-font-size\"><strong>R\u00e9servations G\u00eete<\/strong><\/p>\n\n\n\nContactez-nous directement par t\u00e9l\u00e9phone (06 75 32 04 96) ou par courriel : lestiveduclaux@gmail.com\n\n\n\n<p><\/p>\n","protected":false},"excerpt":{"rendered":"<p>R\u00e9servations des Chambres R\u00e9servations G\u00eete Contactez-nous directement par t\u00e9l\u00e9phone (06 75 32 04 96) ou par courriel : lestiveduclaux@gmail.com<\/p>\n","protected":false},"author":1,"featured_media":0,"parent":0,"menu_order":0,"comment_status":"closed","ping_status":"closed","template":"","meta":{"footnotes":""},"class_list":["post-942","page","type-page","status-publish","hentry"],"yoast_head":"<!-- This site is optimized with the Yoast SEO plugin v23.9 - https:\/\/yoast.com\/wordpress\/plugins\/seo\/ -->\n<title>R\u00e9servations - L&#039;Estive du Claux<\/title>\n<meta name=\"robots\" content=\"index, follow, max-snippet:-1, max-image-preview:large, max-video-preview:-1\" \/>\n<link rel=\"canonical\" href=\"https:\/\/lestiveduclaux.fr\/?page_id=942\" \/>\n<meta property=\"og:locale\" content=\"en_US\" \/>\n<meta property=\"og:type\" content=\"article\" \/>\n<meta property=\"og:title\" content=\"R\u00e9servations - L&#039;Estive du Claux\" \/>\n<meta property=\"og:description\" content=\"R\u00e9servations des Chambres R\u00e9servations G\u00eete Contactez-nous directement par t\u00e9l\u00e9phone (06 75 32 04 96) ou par courriel : lestiveduclaux@gmail.com\" \/>\n<meta property=\"og:url\" content=\"https:\/\/lestiveduclaux.fr\/?page_id=942\" \/>\n<meta property=\"og:site_name\" content=\"L&#039;Estive du Claux\" \/>\n<meta property=\"article:publisher\" content=\"https:\/\/www.facebook.com\/pages\/category\/Bed-and-Breakfast\/LEstive-du-Claux-100901485023600\/\" \/>\n<meta property=\"article:modified_time\" content=\"2026-01-08T15:43:55+00:00\" \/>\n<meta property=\"og:image\" content=\"https:\/\/lestiveduclaux.fr\/wp-content\/uploads\/2026\/01\/infos-1.png\" \/>\n\t<meta property=\"og:image:width\" content=\"672\" \/>\n\t<meta property=\"og:image:height\" content=\"448\" \/>\n\t<meta property=\"og:image:type\" content=\"image\/png\" \/>\n<meta name=\"twitter:card\" content=\"summary_large_image\" \/>\n<meta name=\"twitter:label1\" content=\"Est. reading time\" \/>\n\t<meta name=\"twitter:data1\" content=\"1 minute\" \/>\n<script type=\"application\/ld+json\" class=\"yoast-schema-graph\">{\"@context\":\"https:\/\/schema.org\",\"@graph\":[{\"@type\":\"WebPage\",\"@id\":\"https:\/\/lestiveduclaux.fr\/?page_id=942\",\"url\":\"https:\/\/lestiveduclaux.fr\/?page_id=942\",\"name\":\"R\u00e9servations - L&#039;Estive du Claux\",\"isPartOf\":{\"@id\":\"https:\/\/lestiveduclaux.fr\/#website\"},\"primaryImageOfPage\":{\"@id\":\"https:\/\/lestiveduclaux.fr\/?page_id=942#primaryimage\"},\"image\":{\"@id\":\"https:\/\/lestiveduclaux.fr\/?page_id=942#primaryimage\"},\"thumbnailUrl\":\"https:\/\/lestiveduclaux.fr\/wp-content\/uploads\/2026\/01\/infos-1.png\",\"datePublished\":\"2025-10-02T08:11:16+00:00\",\"dateModified\":\"2026-01-08T15:43:55+00:00\",\"breadcrumb\":{\"@id\":\"https:\/\/lestiveduclaux.fr\/?page_id=942#breadcrumb\"},\"inLanguage\":\"en-US\",\"potentialAction\":[{\"@type\":\"ReadAction\",\"target\":[\"https:\/\/lestiveduclaux.fr\/?page_id=942\"]}]},{\"@type\":\"ImageObject\",\"inLanguage\":\"en-US\",\"@id\":\"https:\/\/lestiveduclaux.fr\/?page_id=942#primaryimage\",\"url\":\"https:\/\/lestiveduclaux.fr\/wp-content\/uploads\/2026\/01\/infos-1.png\",\"contentUrl\":\"https:\/\/lestiveduclaux.fr\/wp-content\/uploads\/2026\/01\/infos-1.png\",\"width\":672,\"height\":448},{\"@type\":\"BreadcrumbList\",\"@id\":\"https:\/\/lestiveduclaux.fr\/?page_id=942#breadcrumb\",\"itemListElement\":[{\"@type\":\"ListItem\",\"position\":1,\"name\":\"Accueil\",\"item\":\"https:\/\/lestiveduclaux.fr\/\"},{\"@type\":\"ListItem\",\"position\":2,\"name\":\"R\u00e9servations\"}]},{\"@type\":\"WebSite\",\"@id\":\"https:\/\/lestiveduclaux.fr\/#website\",\"url\":\"https:\/\/lestiveduclaux.fr\/\",\"name\":\"Estive du Claux\",\"description\":\"\",\"potentialAction\":[{\"@type\":\"SearchAction\",\"target\":{\"@type\":\"EntryPoint\",\"urlTemplate\":\"https:\/\/lestiveduclaux.fr\/?s={search_term_string}\"},\"query-input\":{\"@type\":\"PropertyValueSpecification\",\"valueRequired\":true,\"valueName\":\"search_term_string\"}}],\"inLanguage\":\"en-US\"}]}<\/script>\n<!-- \/ Yoast SEO plugin. -->","yoast_head_json":{"title":"R\u00e9servations - L&#039;Estive du Claux","robots":{"index":"index","follow":"follow","max-snippet":"max-snippet:-1","max-image-preview":"max-image-preview:large","max-video-preview":"max-video-preview:-1"},"canonical":"https:\/\/lestiveduclaux.fr\/?page_id=942","og_locale":"en_US","og_type":"article","og_title":"R\u00e9servations - L&#039;Estive du Claux","og_description":"R\u00e9servations des Chambres R\u00e9servations G\u00eete Contactez-nous directement par t\u00e9l\u00e9phone (06 75 32 04 96) ou par courriel : lestiveduclaux@gmail.com","og_url":"https:\/\/lestiveduclaux.fr\/?page_id=942","og_site_name":"L&#039;Estive du Claux","article_publisher":"https:\/\/www.facebook.com\/pages\/category\/Bed-and-Breakfast\/LEstive-du-Claux-100901485023600\/","article_modified_time":"2026-01-08T15:43:55+00:00","og_image":[{"width":672,"height":448,"url":"https:\/\/lestiveduclaux.fr\/wp-content\/uploads\/2026\/01\/infos-1.png","type":"image\/png"}],"twitter_card":"summary_large_image","twitter_misc":{"Est. reading time":"1 minute"},"schema":{"@context":"https:\/\/schema.org","@graph":[{"@type":"WebPage","@id":"https:\/\/lestiveduclaux.fr\/?page_id=942","url":"https:\/\/lestiveduclaux.fr\/?page_id=942","name":"R\u00e9servations - L&#039;Estive du Claux","isPartOf":{"@id":"https:\/\/lestiveduclaux.fr\/#website"},"primaryImageOfPage":{"@id":"https:\/\/lestiveduclaux.fr\/?page_id=942#primaryimage"},"image":{"@id":"https:\/\/lestiveduclaux.fr\/?page_id=942#primaryimage"},"thumbnailUrl":"https:\/\/lestiveduclaux.fr\/wp-content\/uploads\/2026\/01\/infos-1.png","datePublished":"2025-10-02T08:11:16+00:00","dateModified":"2026-01-08T15:43:55+00:00","breadcrumb":{"@id":"https:\/\/lestiveduclaux.fr\/?page_id=942#breadcrumb"},"inLanguage":"en-US","potentialAction":[{"@type":"ReadAction","target":["https:\/\/lestiveduclaux.fr\/?page_id=942"]}]},{"@type":"ImageObject","inLanguage":"en-US","@id":"https:\/\/lestiveduclaux.fr\/?page_id=942#primaryimage","url":"https:\/\/lestiveduclaux.fr\/wp-content\/uploads\/2026\/01\/infos-1.png","contentUrl":"https:\/\/lestiveduclaux.fr\/wp-content\/uploads\/2026\/01\/infos-1.png","width":672,"height":448},{"@type":"BreadcrumbList","@id":"https:\/\/lestiveduclaux.fr\/?page_id=942#breadcrumb","itemListElement":[{"@type":"ListItem","position":1,"name":"Accueil","item":"https:\/\/lestiveduclaux.fr\/"},{"@type":"ListItem","position":2,"name":"R\u00e9servations"}]},{"@type":"WebSite","@id":"https:\/\/lestiveduclaux.fr\/#website","url":"https:\/\/lestiveduclaux.fr\/","name":"Estive du Claux","description":"","potentialAction":[{"@type":"SearchAction","target":{"@type":"EntryPoint","urlTemplate":"https:\/\/lestiveduclaux.fr\/?s={search_term_string}"},"query-input":{"@type":"PropertyValueSpecification","valueRequired":true,"valueName":"search_term_string"}}],"inLanguage":"en-US"}]}},"_links":{"self":[{"href":"https:\/\/lestiveduclaux.fr\/index.php?rest_route=\/wp\/v2\/pages\/942","targetHints":{"allow":["GET"]}}],"collection":[{"href":"https:\/\/lestiveduclaux.fr\/index.php?rest_route=\/wp\/v2\/pages"}],"about":[{"href":"https:\/\/lestiveduclaux.fr\/index.php?rest_route=\/wp\/v2\/types\/page"}],"author":[{"embeddable":true,"href":"https:\/\/lestiveduclaux.fr\/index.php?rest_route=\/wp\/v2\/users\/1"}],"replies":[{"embeddable":true,"href":"https:\/\/lestiveduclaux.fr\/index.php?rest_route=%2Fwp%2Fv2%2Fcomments&post=942"}],"version-history":[{"count":28,"href":"https:\/\/lestiveduclaux.fr\/index.php?rest_route=\/wp\/v2\/pages\/942\/revisions"}],"predecessor-version":[{"id":1007,"href":"https:\/\/lestiveduclaux.fr\/index.php?rest_route=\/wp\/v2\/pages\/942\/revisions\/1007"}],"wp:attachment":[{"href":"https:\/\/lestiveduclaux.fr\/index.php?rest_route=%2Fwp%2Fv2%2Fmedia&parent=942"}],"curies":[{"name":"wp","href":"https:\/\/api.w.org\/{rel}","templated":true}]}}

Réservations

<p class="has-large-font-size"><strong>Réservations des Chambres</strong></p>



<div class="wp-block-columns is-layout-flex wp-container-core-columns-is-layout-9d6595d7 wp-block-columns-is-layout-flex">
<div class="wp-block-column is-layout-flow wp-block-column-is-layout-flow">
<figure class="wp-block-image size-full"><img loading="lazy" decoding="async" width="672" height="448" src="https://lestiveduclaux.fr/wp-content/uploads/2026/01/infos-1.png" alt="" class="wp-image-983" srcset="https://lestiveduclaux.fr/wp-content/uploads/2026/01/infos-1.png 672w, https://lestiveduclaux.fr/wp-content/uploads/2026/01/infos-1-300x200.png 300w" sizes="auto, (max-width: 672px) 100vw, 672px" /></figure>
</div>



<div class="wp-block-column is-layout-flow wp-block-column-is-layout-flow">
<script type="text/javascript" src="//gadget.open-system.fr/widgets-libs/rel/noyau-1.0.min.js"></script>
<script type="text/javascript">
( function() {
	var widgetProduit = AllianceReseaux.Widget.Instance( "Produit", { idPanier:"WENYWFg", idIntegration:1247, langue:"fr", ui:"OSCH-113247" } );
	widgetProduit.PreApp("planning.actif", true);
	widgetProduit.PreApp("planning.nbMaxProduits", 100);
	widgetProduit.Initialise();
})();
</script>

<div id="widget-produit-OSCH-113247"></div>
</div>
</div>





<hr class="wp-block-separator has-alpha-channel-opacity"/>



<div class="wp-block-columns is-layout-flex wp-container-core-columns-is-layout-9d6595d7 wp-block-columns-is-layout-flex">
<div class="wp-block-column is-layout-flow wp-block-column-is-layout-flow">
<div class="wp-block-columns is-layout-flex wp-container-core-columns-is-layout-9d6595d7 wp-block-columns-is-layout-flex">
<div class="wp-block-column is-layout-flow wp-block-column-is-layout-flow">
<figure class="wp-block-image size-full"><a href="https://www.google.com/maps/place/35+Rte+du+Puy+Mary,+15400+Le+Claux,+France/@45.161732,2.707134,14z/data=!4m6!3m5!1s0x47f7eed0865861c7:0xf74e61fd145daead!8m2!3d45.161732!4d2.7071344!16s%2Fg%2F11g9drflt4!5m1!1e1?hl=fr&amp;entry=ttu&amp;g_ep=EgoyMDI2MDEwNC4wIKXMDSoASAFQAw%3D%3D" target="_blank" rel=" noreferrer noopener"><img loading="lazy" decoding="async" width="152" height="87" src="https://lestiveduclaux.fr/wp-content/uploads/2026/01/maps.png" alt="" class="wp-image-1005" srcset="https://lestiveduclaux.fr/wp-content/uploads/2026/01/maps.png 152w, https://lestiveduclaux.fr/wp-content/uploads/2026/01/maps-150x87.png 150w" sizes="auto, (max-width: 152px) 100vw, 152px" /></a></figure>
</div>



<div class="wp-block-column is-layout-flow wp-block-column-is-layout-flow">
<figure class="wp-block-image size-full is-resized"><a href="https://www.google.com/search?client=firefox-b-d&amp;hs=3cSU&amp;sca_esv=727911a362dc4a92&amp;sxsrf=ANbL-n5z9rhSYWslsNmCXhBIHOnUJfv2Lg:1767885459289&amp;q=%27estive+du+claux&amp;si=AL3DRZEsmMGCryMMFSHJ3StBhOdZ2-6yYkXd_doETEE1OR-qOfGDeHzxAEw57j0p5_ALME9s1I1kjRIQ4ynCgbNljh3uToIVOHckxRLgcTARcD4MUZchj4g%3D&amp;uds=ALYpb_k6otuSYDT1zFYqBpNGDSzK6AnIu0Z006L3ltCfJBWhld8TYF9ve_xsQjDCA79i2mSaKCnpChW_kOhF9BFu0E2ZCc4hQ33Vm_ZuGzkhORWh5Kpco8A&amp;sa=X&amp;ved=2ahUKEwibyrfGnvyRAxXVVqQEHVWrNXoQ3PALegQIIxAE&amp;biw=1366&amp;bih=607&amp;dpr=1&amp;aic=0" target="_blank" rel=" noreferrer noopener"><img loading="lazy" decoding="async" width="212" height="104" src="https://lestiveduclaux.fr/wp-content/uploads/2026/01/avis-2.png" alt="" class="wp-image-992" style="aspect-ratio:2.0386027174178536;width:203px;height:auto"/></a></figure>
</div>



<div class="wp-block-column is-layout-flow wp-block-column-is-layout-flow">
<figure class="wp-block-image size-full"><a href="https://www.booking.com/hotel/fr/estive-du-claux-le-claux.html?aid=1636199" target="_blank" rel=" noreferrer noopener"><img loading="lazy" decoding="async" width="250" height="102" src="https://lestiveduclaux.fr/wp-content/uploads/2026/01/booking-1.png" alt="" class="wp-image-1006"/></a></figure>
</div>
</div>
</div>
</div>



<hr class="wp-block-separator has-alpha-channel-opacity"/>



<p class="has-large-font-size"><strong>Réservations Gîte</strong></p>



Contactez-nous directement par téléphone (06 75 32 04 96) ou par courriel : lestiveduclaux@gmail.com



<p></p>

<p>Réservations des Chambres Réservations Gîte Contactez-nous directement par téléphone (06 75 32 04 96) ou par courriel : lestiveduclaux@gmail.com</p>

<!-- This site is optimized with the Yoast SEO plugin v23.9 - https://yoast.com/wordpress/plugins/seo/ -->
<title>Réservations - L&#039;Estive du Claux</title>
<meta name="robots" content="index, follow, max-snippet:-1, max-image-preview:large, max-video-preview:-1" />
<link rel="canonical" href="https://lestiveduclaux.fr/?page_id=942" />
<meta property="og:locale" content="en_US" />
<meta property="og:type" content="article" />
<meta property="og:title" content="Réservations - L&#039;Estive du Claux" />
<meta property="og:description" content="Réservations des Chambres Réservations Gîte Contactez-nous directement par téléphone (06 75 32 04 96) ou par courriel : lestiveduclaux@gmail.com" />
<meta property="og:url" content="https://lestiveduclaux.fr/?page_id=942" />
<meta property="og:site_name" content="L&#039;Estive du Claux" />
<meta property="article:publisher" content="https://www.facebook.com/pages/category/Bed-and-Breakfast/LEstive-du-Claux-100901485023600/" />
<meta property="article:modified_time" content="2026-01-08T15:43:55+00:00" />
<meta property="og:image" content="https://lestiveduclaux.fr/wp-content/uploads/2026/01/infos-1.png" />
	<meta property="og:image:width" content="672" />
	<meta property="og:image:height" content="448" />
	<meta property="og:image:type" content="image/png" />
<meta name="twitter:card" content="summary_large_image" />
<meta name="twitter:label1" content="Est. reading time" />
	<meta name="twitter:data1" content="1 minute" />
<script type="application/ld+json" class="yoast-schema-graph">{"@context":"https://schema.org","@graph":[{"@type":"WebPage","@id":"https://lestiveduclaux.fr/?page_id=942","url":"https://lestiveduclaux.fr/?page_id=942","name":"Réservations - L&#039;Estive du Claux","isPartOf":{"@id":"https://lestiveduclaux.fr/#website"},"primaryImageOfPage":{"@id":"https://lestiveduclaux.fr/?page_id=942#primaryimage"},"image":{"@id":"https://lestiveduclaux.fr/?page_id=942#primaryimage"},"thumbnailUrl":"https://lestiveduclaux.fr/wp-content/uploads/2026/01/infos-1.png","datePublished":"2025-10-02T08:11:16+00:00","dateModified":"2026-01-08T15:43:55+00:00","breadcrumb":{"@id":"https://lestiveduclaux.fr/?page_id=942#breadcrumb"},"inLanguage":"en-US","potentialAction":[{"@type":"ReadAction","target":["https://lestiveduclaux.fr/?page_id=942"]}]},{"@type":"ImageObject","inLanguage":"en-US","@id":"https://lestiveduclaux.fr/?page_id=942#primaryimage","url":"https://lestiveduclaux.fr/wp-content/uploads/2026/01/infos-1.png","contentUrl":"https://lestiveduclaux.fr/wp-content/uploads/2026/01/infos-1.png","width":672,"height":448},{"@type":"BreadcrumbList","@id":"https://lestiveduclaux.fr/?page_id=942#breadcrumb","itemListElement":[{"@type":"ListItem","position":1,"name":"Accueil","item":"https://lestiveduclaux.fr/"},{"@type":"ListItem","position":2,"name":"Réservations"}]},{"@type":"WebSite","@id":"https://lestiveduclaux.fr/#website","url":"https://lestiveduclaux.fr/","name":"Estive du Claux","description":"","potentialAction":[{"@type":"SearchAction","target":{"@type":"EntryPoint","urlTemplate":"https://lestiveduclaux.fr/?s={search_term_string}"},"query-input":{"@type":"PropertyValueSpecification","valueRequired":true,"valueName":"search_term_string"}}],"inLanguage":"en-US"}]}</script>
<!-- / Yoast SEO plugin. -->

Réservations - L&#039;Estive du Claux

Réservations des Chambres Réservations Gîte Contactez-nous directement par téléphone (06 75 32 04 96) ou par courriel : lestiveduclaux@gmail.com
